 -5*m**2/2 - m + 61. Suppose -22 = -4*q + 5*l, -2*q = -q - l - 6. Let t(j) = -j**2 + 7*j + 6. Let i be t(q). Give g(i).
9
Let a(g) = -3*g + 4*g - 2 - 2*g + 0*g. Let w(k) = 1. Let s(b) = -3*a(b) - 5*w(b). Give s(-1).
-2
Suppose -4*o + 26 - 7 = 3*c, -5*c + 5*o = 15. Let m be (2 - 2)*c/(-2). Let n(i) = i**2 + 1. Determine n(m).
1
Let c be (2 - 0) + 2*-2. Let n(u) = -45 - u**3 + 46 + u**2 + 2*u**3 + 5*u. Let j(k) = 2*k**3 + 2*k**2 + 6*k. Let q(g) = c*j(g) + 3*n(g). Determine q(-2).
1
Let a(j) = j**2 + 10*j + 9. Suppose -5*n - 3*z + 781 = 0, 12*z - 15*z - 614 = -4*n. Let k = 147 - n. Calculate a(k).
-7
Let v be 1*5/10*6. Suppose 3*o = v*f - 6, o - 2*o - 3 = -2*f. Let u(b) = f + 8*b - 7*b + 5*b. Calculate u(-1).
-5
Let o(v) be the third derivative of -v**5/60 + v**4/2 + 5*v**3/6 - 152*v**2. Give o(12).
5
Let d(u) be the third derivative of u**7/2520 + u**5/60 + 7*u**4/24 + 33*u**2. Let j(z) be the second derivative of d(z). Give j(2).
6
Let u be 3 + 4/6 + (-6)/9. Suppose 52 = -u*h + 28. Let z(l) = l**2 + 9*l - 5. Give z(h).
-13
Let j(s) = s**2 + 8*s - 10. Suppose -12*z - 65 - 19 = 0. Give j(z).
-17
Let z(k) = k**2 + 15*k + 50. Let m be z(-9). Let g(t) = -t**3 - 5*t**2 - 4*t + 4. Determine g(m).
4
Let l(t) be the second derivative of 0 + t**4 + 6*t - 1/6*t**3 + 0*t**2. Calculate l(1).
11
Suppose -14*s + 60 = -20*s. Let a(q) = -q - 4. What is a(s)?
6
Let g(n) = -11*n**2. Let p be (8/(24/(-15)))/(-5). Determine g(p).
-11
Let y(t) = 1 + 0*t + 1 + 3*t - 7 - 2*t. What is y(-7)?
-12
Suppose 771*r = 781*r - 60. Let b(o) = -o**2 + o - 8. What is b(r)?
-38
Let v(n) = -n + 8. Suppose 3*t + k - 69 = -2*k, 3*k = -5*t + 115. Let f = -19 + t. Suppose j = -4*p + 29, 28 = -p + f*p + 2*j. Calculate v(p).
2
Let j(s) = -s**2 - 10*s + 16. Let k(t) = 4*t**2 + 34*t + 59. Let f be k(-5). Determine j(f).
5
Let j(y) = 2*y**2 - 3*y - 1. Let d be 8/(-3)*3/(-2). Suppose -s = -3*s - 4, -2 = 2*g + d*s. Give j(g).
8
Let h(w) = w + 3. Let i = -4 + 7. Suppose 0 = i*p + 2*p + 25. Let o = p - -9. Determine h(o).
7
Let d(p) = -19*p - 1. Let v = 808 + -807. Calculate d(v).
-20
Suppose 0 = 2*c + 5*t - 30, -c - 2*t = -0*t - 13. Suppose -2*b + 4 = -6*b + c*v, 0 = -5*b + 3*v - 18. Let n(a) = a - 1. Calculate n(b).
-7
Suppose 4*w - 5 = 3*w. Let k(t) = -95*t - 98*t + 192*t. Determine k(w).
-5
Suppose -5*v - 1 + 0 = -2*x, -3*v - 9 = -4*x. Suppose 2*i - 4 = -c, x*c - 7 = -5*i + 1. Let n(b) = -b**3 - 4*b**2 + 5*b + 3. Calculate n(c).
-17
Let o(m) = 3*m**2 - 3*m + 3. Let q(k) = -k**2 + 8*k - 5. Let c = -11 - -18. Let r be q(c). Calculate o(r).
9
Let m(i) = 3*i + 2. Let p(c) = c + 27. Let f be p(-22). Suppose 0*r + 2*r = 3*y + 6, -f*y + 3 = r. What is m(r)?
11
Let t(p) = 19*p - 9. Let k be t(0). Let h(c) = -c**3 - 8*c**2 + 10*c + 6. Calculate h(k).
-3
Let l = -68 + 68. Suppose l*a + 4*t - 13 = 3*a, -5*a - 15 = -5*t. Let o(j) = -20*j**3 - j**2. Give o(a).
-21
Let t(d) = d**2 - 2*d - 6. Let o be t(0). Let c(m) be the first derivative of -m**4/4 - 7*m**3/3 - 7*m**2/2 - 3*m - 5. Calculate c(o).
3
Let c = 1 - -4. Let t(m) be the third derivative of 0*m + 0*m**3 + 1/120*m**6 - 1/10*m**5 + 8*m**2 + 1/4*m**4 + 0. What is t(c)?
5
Suppose y - 5 = -3*q - 4*y, 0 = 2*q + y - 1. Suppose -2*f = -q*f + 4. Let d(v) = -v + 1 + v**2 + 1 + 0*v**2 + 4*v. What is d(f)?
0
Let n(g) = -g**2 - 2*g + 12. Suppose -80*a = -66*a + 70. Give n(a).
-3
Let n = 1220 + -1212. Let w(h) = -h**2 + 10*h - 19. Give w(n).
-3
Let c(g) = -g**3 - g**2. Let q be c(-1). Let u be (-51)/(-3) - (2 - q). Suppose -a + u = -4*a. Let x(t) = -t - 1. Determine x(a).
4
Let i be 22/(-6) - (-28)/42. Let g(u) = -u**3 - 2*u**2 - 2. Calculate g(i).
7
Let l(h) = -3*h + 7. Let z(g) = 14*g - 36. Let o = 38 + -22. Let c(j) = o*l(j) + 3*z(j). Give c(3).
-14
Let o be (-28)/(-1)*2/8. Let v(x) = 3 + o*x**3 - 4 + 8*x**2 - 6*x - 3 - 8*x**3. What is v(7)?
3
Let d(p) = -2 - 3 - 1 - p + 2. Suppose 4*h = 3*h + 6. Calculate d(h).
-10
Let h(j) = -9*j + 3*j + 6 + 8*j - j. What is h(-7)?
-1
Let s be 5/(100/88) - 18/(-30). Let y(k) = 2*k + 5. Determine y(s).
15
Let k be (-3 - 2)*(6/5)/(-3). Let u(g) = 3*g. Determine u(k).
6
Let u(o) be the first derivative of -1/2*o**2 + 2*o - 14. Give u(7).
-5
Let j(i) = -i**3 + 3*i + 7*i**2 - 2*i + 1 - 8*i**2. Suppose 6 = 4*f + 14. Give j(f).
3
Let w(u) = 20*u**3 - 2*u**2 + 2*u - 1. Suppose -3*s + 5*n + 0*n = -23, 5*s - 25 = -5*n. Let b be (-2)/s - (-4)/3. What is w(b)?
19
Let l(k) = -18 + 5*k**2 - 2*k + 31 + 0*k**2 - k**3 + 4*k - 5*k. Calculate l(5).
-2
Let l(i) be the third derivative of -i**5/60 + i**4/8 + 40*i**2. Give l(5).
-10
Let g(w) = -3*w**3 - 16*w**2 + 10*w + 39. Let j(x) = 2*x**3 + 7*x**2 - 4*x - 19. Let s(a) = 3*g(a) + 5*j(a). What is s(12)?
-2
Let a(j) = 16*j**3 - 19*j**2 - 43*j + 1. Let w(u) = 5*u**3 - 6*u**2 - 14*u + 1. Let z(t) = -4*a(t) + 13*w(t). Calculate z(4).
1
Let h(j) = j**2 + 10*j + 10. Let d(t) = -t + 10. Let a be d(7). Suppose c = -2*i + a, 5*c + 4*i + i = -5. Let l be -18*(c/(-2))/5. Give h(l).
1
Let i(c) = c**2 + 2*c - 4. Let b = -74 - -70. Calculate i(b).
4
Let x = 13 - 11. Let j(q) = -3*q + 23 - 27 + x*q. Determine j(-8).
4
Let u be -13 + 15 + (0 - -1). Let z(x) = x**3 - 3*x**2 - 2*x + 3. Give z(u).
-3
Let d(c) be the third derivative of c**6/120 - c**5/20 - c**4/12 + c**3/2 + 2*c**2. Suppose 135 - 141 = -3*a. What is d(a)?
-5
Let y(j) = -5*j**3 - j + 1. Let a be y(1). Let u(w) = 1. Let s(k) = k. Let n(g) = 4*g - 5. Let b(v) = -n(v) + 5*s(v). Let d(m) = a*u(m) + b(m). Give d(4).
4
Suppose 0 = 7*v - 5*v. Suppose 10*c - 11*c = v. Let o(r) = -r + 8. What is o(c)?
8
Let f be 3*((-1)/(-1) - (-12)/12). Suppose -6 = -3*n + 3*x, 4*n + 2*x = 2 + f. Let g(o) = -5*o + 1. Determine g(n).
-9
Suppose 19*q = 21*q - 2. Let o(z) be the second derivative of z**4/3 + z**2/2 - 5*z. Calculate o(q).
5
Let l(d) = 4*d**3 - 6*d**2 - 3. Let i(n) = -7*n**3 + 11*n**2 + 5. Let w(x) = -3*i(x) - 5*l(x). Determine w(2).
-4
Let l(t) = -t**3 + 13*t**2 - 3*t + 2. Let m(k) = -k**3 + 11*k**2 - 3*k + 1. Let s(y) = -3*l(y) + 4*m(y). Determine s(3).
7
Let j(z) = -z + 3. Let q(w) = -w**3 + 5*w**2 + 10 - w + 0 - 5 - 2*w**2. Let v be q(3). Suppose -v*c = -p - 2 - 3, -21 = -3*p - 3*c. What is j(p)?
0
Let b(z) = z**3 + 2*z**2 - 4. Let m be b(-3). Let l be (2/4)/(m/(-26)). Suppose -u + 3*a + 0 + l = 0, -u + 3 = -a. Let k(o) = o**2 - 4*o - 5. Calculate k(u).
-5
Let a(w) be the second derivative of -w**5/20 - 2*w**4/3 - w**3/3 - 11*w**2/2 - 3*w. Suppose 3*y + 25 = -4*x + 9, 2*y - 4*x = -24. What is a(y)?
5
Let w(f) = 11*f + 75. Let u be w(-7). Let h(p) = 3. Let n(i) = -i - 3. Let a(t) = 3*h(t) + 4*n(t). What is a(u)?
5
Let n(j) = j**2 + 0*j - 231 + 120 + j + 116. What is n(-4)?
17
Suppose -2*a = b + 4*b - 24, 6 = -b + 5*a. Suppose -7*h = -b*h - 3. Let u(q) = h - 6*q**3 - 7 - q**2 + 6. Calculate u(1).
-7
Let p = 6 + -3. Let g(l) = -3 + 3*l + 4 + 5 + 5*l**2 - 6*l**p + 5*l**3. What is g(6)?
-12
Suppose -5*x + p = 11 + 14, 3*x = -3*p - 15. Let i(k) = -3*k - 11. Give i(x).
4
Let r(a) be the second derivative of a**3/6 + a**2 - 89*a. Determine r(-8).
-6
Let g(t) be the third derivative of 0*t + 0 - 1/24*t**4 - 6*t**2 - 1/2*t**3. Let v be g(-7). Let l(k) = k**2 - 5*k + 6. Give l(v).
2
Let o(m) be the second derivative of -m**4/12 - m**3/2 + 3*m**2/2 - 91*m. Suppose 2*z = -2*z - 20, 4*r = -2*z - 26. Calculate o(r).
-1
Let u be 3 - (-2)/2 - 0. Let o(v) = v - 1 + 4*v - u*v. Let g(d) = 171*d - 1027. Let w be g(6). Calculate o(w).
-2
Let v = 22 - 20. Suppose 3*g = 5*g - v. Let h(z) = g + 0 - 2 - 5 - z. Calculate h(-5).
-1
Let r(q) = -3*q + 2. Suppose 11*g - 14*g + 21 = 0. Suppose h = -g + 4. What is r(h)?
11
Let a(n) = n**3 - 7*n - 9. Let h be a(0). Let y(c) = c**2 + 11*c + 5. Calculate y(h).
-13
Let x(d) be the first derivative of 11*d**3/3 - d**2/2 + 26. Let a be (-36)/(-10) - (-2)/5. Suppose a*q - 5*r = -r + 16, q + 11 = -4*r. Give x(q).
10
Let z = 0 - -5. Suppose 5 = 2*a + 1. Let o(v) = v + 4*v - 4*v + a*v - 5. Calculate o(z).
10
Let f(j) = -2*j**2 + j + 2. Let s(u) = u**2 - 4. Let c(y) = f(y) + s(y). Calculate c(-6).
-44
Let q(i) = 37*i**3 + i**2 + i. Let w = 849 - 850. What is q(w)?
-37
Let v(x) be the third derivative of x**4/24 - 17*x**3/6 - 251*x**2. What is v(5)?
-12
Let w(y) = 30*y**3 + 21*y**2 + 19*y + 12. Let p(o) = 13*o**3 + 10*o**2 + 9*o + 5. Let u(v